ommon divisor of 1530 and 20906685.
765
What is the greatest common divisor of 102802 and 43895405?
1049
Calculate the highest common divisor of 655506 and 48954.
1194
What is the greatest common factor of 10243052 and 40?
4
What is the greatest common factor of 90 and 4498150?
10
What is the highest common divisor of 8811 and 52975737?
801
What is the highest common divisor of 3916748983 and 41?
41
Calculate the greatest common divisor of 571547 and 14499.
179
What is the greatest common divisor of 52657 and 75572369?
4787
Calculate the greatest common factor of 29618 and 50387748.
502
Calculate the highest common factor of 50695540 and 310.
310
What is the highest common factor of 61416311 and 6985?
1397
What is the greatest common divisor of 2549989 and 2?
1
Calculate the greatest common divisor of 651422 and 8066.
74
Calculate the greatest common divisor of 757 and 4377.
1
What is the greatest common divisor of 7379649 and 18972?
153
Calculate the greatest common factor of 340 and 3882205.
85
What is the highest common factor of 3116 and 119966?
1558
Calculate the highest common divisor of 1935 and 658126395.
1935
Calculate the greatest common divisor of 2725 and 28693051.
109
What is the highest common factor of 2496 and 62630490?
78
Calculate the greatest common factor of 395395 and 1058995.
2765
What is the highest common divisor of 2352 and 72077712?
336
Calculate the highest common factor of 22031339 and 44.
11
Calculate the highest common factor of 31090765 and 995.
995
Calculate the greatest common divisor of 80 and 9951670.
10
What is the greatest common factor of 2827 and 771?
257
Calculate the greatest common factor of 25 and 152340110.
5
Calculate the greatest common factor of 571294 and 84542.
82
Calculate the greatest common divisor of 300366 and 281916.
738
Calculate the greatest common factor of 563808186 and 3.
3
What is the greatest common factor of 71918788 and 4404?
1468
What is the greatest common factor of 3099527 and 2812?
703
What is the greatest common factor of 64 and 10798264?
8
Calculate the highest common factor of 607660 and 9706.
46
What is the highest common divisor of 459 and 4222783?
17
Calculate the highest common divisor of 5242681 and 2006.
1003
What is the highest common divisor of 716 and 9389803?
179
What is the greatest common factor of 18 and 105500726?
2
Calculate the greatest common divisor of 28581 and 4293.
3
Calculate the highest common divisor of 16 and 227182.
2
What is the highest common factor of 4147 and 600743?
143
Calculate the highest common factor of 340 and 24551315.
85
Calculate the greatest common factor of 3470 and 95.
5
What is the highest common divisor of 4788 and 498484?
532
What is the greatest common factor of 228 and 3676188?
12
What is the greatest common divisor of 933958 and 14986?
254
What is the greatest common factor of 64246 and 2506?
14
Calculate the highest common divisor of 266 and 1313356.
38
Calculate the highest common divisor of 30703218 and 2756.
1378
What is the highest common factor of 68488 and 3486?
14
What is the greatest common divisor of 457272 and 62488?
584
Calculate the highest common divisor of 14454 and 569250.
198
Calculate the greatest common factor of 1522 and 3820981.
761
Calculate the greatest common factor of 3708 and 572155524.
3708
What is the highest common divisor of 130312660 and 580?
580
What is the highest common factor of 56 and 6624632?
56
What is the highest common factor of 134420 and 2644785?
715
Calculate the highest common factor of 619538955 and 15330.
7665
Calculate the highest common factor of 36 and 11044836.
36
Calculate the greatest common factor of 99347760 and 336.
48
What is the highest common factor of 478226 and 434?
14
What is the greatest common factor of 1512 and 1128232?
56
What is the highest common divisor of 117620689 and 10856?
1357
What is the highest common divisor of 12445509 and 1107?
123
Calculate the highest common divisor of 8838 and 2016046.
982
Calculate the highest common divisor of 15862858 and 21614.
202
Calculate the highest common factor of 309 and 702100015.
103
What is the greatest common divisor of 8575 and 1858031?
343
What is the greatest common divisor of 48345 and 13343?
11
What is the greatest common factor of 43702266 and 12?
6
Calculate the greatest common factor of 67818244 and 26.
26
Calculate the greatest common factor of 13860 and 335060.
220
What is the greatest common divisor of 192 and 503136?
96
What is the greatest common divisor of 477871 and 456067?
1817
Calculate the highest common divisor of 106799 and 1098713.
1463
What is the greatest common factor of 6976 and 13937176?
872
What is the greatest common factor of 9337493 and 1462?
43
Calculate the highest common factor of 580655520 and 12960.
4320
Calculate the highest common divisor of 139077 and 449854.
1717
What is the greatest common divisor of 64339152 and 1776?
1776
Calculate the highest common factor of 156 and 33677202.
78
What is the greatest common factor of 5225 and 29170130?
1045
What is the greatest common factor of 722 and 119224582?
722
Calculate the highest common divisor of 762459750 and 2250.
2250
What is the greatest common factor of 760 and 118503?
19
What is the greatest common divisor of 165 and 163469715?
15
What is the greatest common factor of 2764478 and 19607134?
9838
What is the greatest common divisor of 991190 and 170?
10
What is the greatest common divisor of 98577 and 39960195?
3651
Calculate the greatest common factor of 9040 and 1039826.
226
Calculate the highest common divisor of 27162 and 1241838.
54
Calculate the greatest common factor of 113967921 and 37020.
1851
What is the highest common factor of 5418322 and 560?
14
Calculate the greatest common divisor of 988 and 1005790422.
494
Calculate the highest common factor of 34330996 and 16100.
644
Calculate the highest common factor of 42313 and 268157.
131
Calculate the highest common factor of 73 and 16140373.
73
Calculate the highest common factor of 17547502 and 39033.
4337
What is the greatest common factor of 55974 and 8322?
114
What is the highest common divisor of 2534609 and 539?
77
Calculate the highest common divisor of 90285 and 5805.
15
Calculate the highest common divisor of 98439 and 1208856.
627
What is the greatest common factor of 16 and 1299880?
8
What is the greatest common factor of 445051 and 2145203?
953
What is the highest common factor of 2007 and 2676669?
669
What is the greatest common factor of 275092 and 8924?
388
What is the highest common factor of 24 and 21666444?
12
Calculate the highest common divisor of 11682732 and 1176.
12
What is the greatest common divisor of 26341127 and 12056?
137
What is the greatest common divisor of 2021 and 667876?
43
Calculate the highest common divisor of 20 and 231263900.
20
Calculate the highest common factor of 854 and 9864737.
61
Calculate the highest common divisor of 3370543 and 2641.
19
Calculate the greatest common divisor of 1868 and 355317884.
1868
What is the greatest common factor of 153 and 444227?
17
What is the greatest common divisor of 351 and 91950363?
27
Calculate the greatest common divisor of 936 and 3057624.
72
Calculate the highest common factor of 11728 and 128960.
16
Calculate the highest common divisor of 41314878 and 4371.
93
What is the greatest common factor of 244 and 82701421?
61
What is the greatest common factor of 360363 and 786?
3
Calculate the highest common factor of 1975540 and 51500.
2060
What is the highest common factor of 110 and 5225682?
22
What is the highest common divisor of 674532 and 19557?
369
Calculate the highest common factor of 708389805 and 30.
15
What is the greatest common factor of 314686203 and 2613?
2613
Calculate the greatest common divisor of 56604150 and 92.
46
What is the highest common divisor of 168 and 44074856?
56
Calculate the highest common divisor of 384 and 3737.
1
Calculate the greatest common divisor of 8314951 and 38.
19
What is the highest common divisor of 16211 and 40014?
13
What is the highest common factor of 331485 and 174045?
615
Calculate the greatest common factor of 275724 and 66516.
276
Calculate the greatest common factor of 135 and 3175890.
15
Calculate the greatest common divisor of 43